{"id":261,"date":"2025-04-26T01:40:37","date_gmt":"2025-04-26T01:40:37","guid":{"rendered":"https:\/\/colegiohectorpinochet.cl\/?page_id=261"},"modified":"2025-04-27T23:59:34","modified_gmt":"2025-04-27T23:59:34","slug":"himno","status":"publish","type":"page","link":"https:\/\/colegiohectorpinochet.cl\/index.php\/himno\/","title":{"rendered":"Himno"},"content":{"rendered":"\n<p class=\"has-text-align-center has-ast-global-color-8-color has-text-color has-link-color wp-elements-a4b933bd85977efae494a6b65438e024\"><strong><em><u>HIMNO DE LA ESCUELA<\/u><\/em><\/strong><\/p>\n\n\n\n<p class=\"has-text-align-center has-ast-global-color-8-color has-text-color has-link-color wp-elements-e36c75142d81f6491b41a9f33c2cfa83\"><em>Como el ejemplo que has de entregar, florecer\u00e9 y crecer\u00e9<\/em><\/p>\n\n\n\n<p class=\"has-text-align-center has-ast-global-color-8-color has-text-color has-link-color wp-elements-6e2f8a727c3276f733d4267fcc3d0f44\"><em>No es un sue\u00f1o se puede lograr, he de triunfar no hay que dudar.<\/em><\/p>\n\n\n\n<p class=\"has-text-align-center has-ast-global-color-8-color has-text-color has-link-color wp-elements-f6183c49d45a754ecfdd88cec9f897a5\"><em>Porque en tus aulas impartes el don como la luz de tu coraz\u00f3n.<\/em><\/p>\n\n\n\n<p class=\"has-text-align-center has-ast-global-color-8-color has-text-color has-link-color wp-elements-d7998f3987242973d9da13d626529edc\"><em>Desde Linares, nuevo amanecer, Alcalde H\u00e9ctor Pinochet.<\/em><\/p>\n\n\n\n<p class=\"has-text-align-center has-ast-global-color-8-color has-text-color has-link-color wp-elements-71dd7bbf5611ced35f98426f45b2127b\"><strong><em>Vivo y siento con los colores de mi Naci\u00f3n.<\/em><\/strong><\/p>\n\n\n\n<p class=\"has-text-align-center has-ast-global-color-8-color has-text-color has-link-color wp-elements-3f320254658fe01f54a768ebd1865821\"><strong><em>Nada en el mundo nos puede vencer<\/em><\/strong><\/p>\n\n\n\n<p class=\"has-text-align-center has-ast-global-color-8-color has-text-color has-link-color wp-elements-808848b9af649f970375b36770abec49\"><strong><em>Hidalgo baluarte de bien.<\/em><\/strong><\/p>\n\n\n\n<p class=\"has-text-align-center has-ast-global-color-8-color has-text-color has-link-color wp-elements-06bef0374531a1d0a9662d17174d0e8a\"><em>Con los progresos del mundo de hoy con sus docentes y su gran misi\u00f3n.<\/em><\/p>\n\n\n\n<p class=\"has-text-align-center has-ast-global-color-8-color has-text-color has-link-color wp-elements-732a2e9027e71caa4346d7c3bb05a88a\"><em>Con Do\u00f1a Herna y su inspiraci\u00f3n.<\/em><\/p>\n\n\n\n<p class=\"has-text-align-center has-ast-global-color-8-color has-text-color has-link-color wp-elements-905313127fff02c5161bd83ce5635d27\"><em>Y al amparo de nuestro Dios.<\/em><\/p>\n\n\n\n<p class=\"has-text-align-center has-ast-global-color-8-color has-text-color has-link-color wp-elements-52fbb43e1793443d32e09f2e11a104f7\"><em>Paso a paso yo recibir\u00e9 conocimientos para entender<\/em><\/p>\n\n\n\n<p class=\"has-text-align-center has-ast-global-color-8-color has-text-color has-link-color wp-elements-a75cb71550e57dcbe3b76cb103f1c3c2\"><em>Mi compromiso ser\u00e1 aprender todo lo que has de ofrecer.<\/em><\/p>\n\n\n\n<p class=\"has-text-align-center has-ast-global-color-8-color has-text-color has-link-color wp-elements-da4a53541046c7cc5a977f10fc860f6f\"><strong><em>Vivo y siento con los colores de mi naci\u00f3n.<\/em><\/strong><\/p>\n\n\n\n<p class=\"has-text-align-center has-ast-global-color-8-color has-text-color has-link-color wp-elements-3f320254658fe01f54a768ebd1865821\"><strong><em>Nada en el mundo nos puede vencer<\/em><\/strong><\/p>\n\n\n\n<p class=\"has-text-align-center has-ast-global-color-8-color has-text-color has-link-color wp-elements-1b28bc00e83346e8a10112f63fe54875\"><strong><em>Hidalgo Baluarte de bien.<\/em><\/strong><\/p>\n\n\n\n<p class=\"has-text-align-center has-ast-global-color-8-color has-text-color has-link-color wp-elements-76f8dfa37ccc8e199d3c5c12e3ae5f87\"><em>Y el respeto a la vocaci\u00f3n de sus docentes y su gran misi\u00f3n<\/em><\/p>\n\n\n\n<p class=\"has-text-align-center has-ast-global-color-8-color has-text-color has-link-color wp-elements-c3fbf243eee3627421a02058f33225bd\"><em>Ser\u00e1 m\u00e1s grande y guiar\u00e1n, educar es m\u00e1s que ense\u00f1ar.<\/em><\/p>\n\n\n\n<p class=\"has-text-align-center has-ast-global-color-8-color has-text-color has-link-color wp-elements-da4a53541046c7cc5a977f10fc860f6f\"><strong><em>Vivo y siento con los colores de mi naci\u00f3n.<\/em><\/strong><\/p>\n\n\n\n<p class=\"has-text-align-center has-ast-global-color-8-color has-text-color has-link-color wp-elements-3f320254658fe01f54a768ebd1865821\"><strong><em>Nada en el mundo nos puede vencer<\/em><\/strong><\/p>\n\n\n\n<p class=\"has-text-align-center has-ast-global-color-8-color has-text-color has-link-color wp-elements-1b28bc00e83346e8a10112f63fe54875\"><strong><em>Hidalgo Baluarte de bien.<\/em><\/strong><\/p>\n\n\n\n<p class=\"has-text-align-center has-ast-global-color-8-color has-text-color has-link-color wp-elements-da4a53541046c7cc5a977f10fc860f6f\"><strong><em>Vivo y siento con los colores de mi naci\u00f3n.<\/em><\/strong><\/p>\n\n\n\n<p class=\"has-text-align-center has-ast-global-color-8-color has-text-color has-link-color wp-elements-3f320254658fe01f54a768ebd1865821\"><strong><em>Nada en el mundo nos puede vencer<\/em><\/strong><\/p>\n\n\n\n<p class=\"has-text-align-center has-ast-global-color-8-color has-text-color has-link-color wp-elements-1b28bc00e83346e8a10112f63fe54875\"><strong><em>Hidalgo Baluarte de bien.<\/em><\/strong><\/p>\n\n\n\n<p class=\"has-text-align-center has-ast-global-color-8-color has-text-color has-link-color wp-elements-b7730d2bc422ceb3ed3cdb07b12eb03e\"><strong><em>Alcalde H\u00e9ctor Pinochet<\/em><\/strong><strong><em>Alcalde H\u00e9ctor Pinochet.<\/em><\/strong><\/p>\n\n\n\n<figure class=\"wp-block-audio\"><audio controls src=\"https:\/\/colegiohectorpinochet.cl\/wp-content\/uploads\/2025\/04\/Himno-HPC.mp3\"><\/audio><\/figure>\n\n\n\n<p class=\"has-ast-global-color-8-color has-text-color has-link-color wp-elements-edb5d99a660809816233643196b5abf8\">Autor y Compositor: Juan Pablo Gonz\u00e1lez<\/p>\n\n\n\n<p><\/p>\n","protected":false},"excerpt":{"rendered":"<p>HIMNO DE LA ESCUELA Como el ejemplo que has de entregar, florecer\u00e9 y crecer\u00e9 No es un sue\u00f1o se puede [&hellip;]<\/p>\n","protected":false},"author":1,"featured_media":0,"parent":0,"menu_order":0,"comment_status":"closed","ping_status":"closed","template":"","meta":{"site-sidebar-layout":"default","site-content-layout":"","ast-site-content-layout":"","site-content-style":"default","site-sidebar-style":"default","ast-global-header-display":"","ast-banner-title-visibility":"","ast-main-header-display":"","ast-hfb-above-header-display":"","ast-hfb-below-header-display":"","ast-hfb-mobile-header-display":"","site-post-title":"","ast-breadcrumbs-content":"","ast-featured-img":"","footer-sml-layout":"","theme-transparent-header-meta":"","adv-header-id-meta":"","stick-header-meta":"","header-above-stick-meta":"","header-main-stick-meta":"","header-below-stick-meta":"","astra-migrate-meta-layouts":"default","ast-page-background-enabled":"default","ast-page-background-meta":{"desktop":{"background-color":"var(--ast-global-color-5)","background-image":"","background-repeat":"repeat","background-position":"center center","background-size":"auto","background-attachment":"scroll","background-type":"","background-media":"","overlay-type":"","overlay-color":"","overlay-opacity":"","overlay-gradient":""},"tablet":{"background-color":"","background-image":"","background-repeat":"repeat","background-position":"center center","background-size":"auto","background-attachment":"scroll","background-type":"","background-media":"","overlay-type":"","overlay-color":"","overlay-opacity":"","overlay-gradient":""},"mobile":{"background-color":"","background-image":"","background-repeat":"repeat","background-position":"center center","background-size":"auto","background-attachment":"scroll","background-type":"","background-media":"","overlay-type":"","overlay-color":"","overlay-opacity":"","overlay-gradient":""}},"ast-content-background-meta":{"desktop":{"background-color":"var(--ast-global-color-4)","background-image":"","background-repeat":"repeat","background-position":"center center","background-size":"auto","background-attachment":"scroll","background-type":"","background-media":"","overlay-type":"","overlay-color":"","overlay-opacity":"","overlay-gradient":""},"tablet":{"background-color":"var(--ast-global-color-4)","background-image":"","background-repeat":"repeat","background-position":"center center","background-size":"auto","background-attachment":"scroll","background-type":"","background-media":"","overlay-type":"","overlay-color":"","overlay-opacity":"","overlay-gradient":""},"mobile":{"background-color":"var(--ast-global-color-4)","background-image":"","background-repeat":"repeat","background-position":"center center","background-size":"auto","background-attachment":"scroll","background-type":"","background-media":"","overlay-type":"","overlay-color":"","overlay-opacity":"","overlay-gradient":""}},"footnotes":""},"class_list":["post-261","page","type-page","status-publish","hentry"],"_links":{"self":[{"href":"https:\/\/colegiohectorpinochet.cl\/index.php\/wp-json\/wp\/v2\/pages\/261","targetHints":{"allow":["GET"]}}],"collection":[{"href":"https:\/\/colegiohectorpinochet.cl\/index.php\/wp-json\/wp\/v2\/pages"}],"about":[{"href":"https:\/\/colegiohectorpinochet.cl\/index.php\/wp-json\/wp\/v2\/types\/page"}],"author":[{"embeddable":true,"href":"https:\/\/colegiohectorpinochet.cl\/index.php\/wp-json\/wp\/v2\/users\/1"}],"replies":[{"embeddable":true,"href":"https:\/\/colegiohectorpinochet.cl\/index.php\/wp-json\/wp\/v2\/comments?post=261"}],"version-history":[{"count":4,"href":"https:\/\/colegiohectorpinochet.cl\/index.php\/wp-json\/wp\/v2\/pages\/261\/revisions"}],"predecessor-version":[{"id":287,"href":"https:\/\/colegiohectorpinochet.cl\/index.php\/wp-json\/wp\/v2\/pages\/261\/revisions\/287"}],"wp:attachment":[{"href":"https:\/\/colegiohectorpinochet.cl\/index.php\/wp-json\/wp\/v2\/media?parent=261"}],"curies":[{"name":"wp","href":"https:\/\/api.w.org\/{rel}","templated":true}]}}